{"id":1351,"date":"2018-10-24T16:17:30","date_gmt":"2018-10-24T14:17:30","guid":{"rendered":"https:\/\/taketrail.ch\/startseite\/?page_id=1351"},"modified":"2019-04-16T11:31:03","modified_gmt":"2019-04-16T09:31:03","slug":"pfannenstiel","status":"publish","type":"page","link":"https:\/\/taketrail.ch\/startseite\/pfannenstiel\/","title":{"rendered":"Pfannenstiel"},"content":{"rendered":"<section class=\"l-section wpb_row height_auto\"><div class=\"l-section-h i-cf\"><div class=\"g-cols vc_row via_flex valign_top type_default stacking_default\"><div class=\"vc_col-sm-4 wpb_column vc_column_container\"><div class=\"vc_column-inner\"><div class=\"wpb_wrapper\"><div class=\"w-separator size_custom\" style=\"height:32px\"><\/div><div class=\"wpb_text_column\"><div class=\"wpb_wrapper\"><p><a href=\"https:\/\/taketrail.ch\/startseite\/projekte\/\">zur\u00fcck<\/a><\/p>\n<\/div><\/div><div class=\"wpb_text_column\"><div class=\"wpb_wrapper\"><h1>Pfannenstiel<\/h1>\n<\/div><\/div><div class=\"w-separator size_custom\" style=\"height:32px\"><\/div><\/div><\/div><\/div><div class=\"vc_col-sm-4 wpb_column vc_column_container\"><div class=\"vc_column-inner\"><div class=\"wpb_wrapper\"><\/div><\/div><\/div><div class=\"vc_col-sm-4 wpb_column vc_column_container\"><div class=\"vc_column-inner\"><div class=\"wpb_wrapper\"><\/div><\/div><\/div><\/div><\/div><\/section><section class=\"l-section wpb_row height_medium\"><div class=\"l-section-h i-cf\"><div class=\"g-cols vc_row via_flex valign_top type_default stacking_default\"><div class=\"vc_col-sm-12 wpb_column vc_column_container\"><div class=\"vc_column-inner\"><div class=\"wpb_wrapper\"><div class=\"wpb_text_column\"><div class=\"wpb_wrapper\"><h3>taketrail setzt sich f\u00fcr die Mountainbiker am Pfannenstiel ein<\/h3>\n<p>F\u00fcr die Mountainbike Szene ist der Kanton Z\u00fcrich in Bezug auf die Infrastruktur noch ein weisses Blatt, mit Ausnahme der Stadt Z\u00fcrich, wo Dank der langj\u00e4hrigen Initiative vom Verein Z\u00fcritrails einige interessante Angebote entstanden sind. Da und dort, z.B. in B\u00fclach oder am Bachtel, gibt es Trails die legal befahren werden d\u00fcrfen. An der Anzahl Biker gemessen ist diese Infrastruktur bei weitem nicht ausreichend.<\/p>\n<p>taketrail startet die Initiative, dass am Pfannenstiel Angebote f\u00fcr Mountainbiker entwickelt werden.<\/p>\n<\/div><\/div><div class=\"w-separator size_medium with_line width_default thick_2 style_solid color_border align_center\"><div class=\"w-separator-h\"><\/div><\/div><div class=\"wpb_text_column\"><div class=\"wpb_wrapper\"><h3>Verlauf<\/h3>\n<p>Fr\u00fchling 2018<\/p>\n<ul>\n<li>Besprechungen in Meilen zur Verbesserung des Pfannenstiel Trails Hochwacht-Toggwil-Dorfbachtobel<\/li>\n<li>Einigung, der Pfannenstiel Trail kann nicht isoliert betrachtet werden. Es braucht eine regionale Koordination.<\/li>\n<li>Aufforderung von Politik und Verwaltung an die Mountainbiker sich zu organisieren, damit Ansprechpartner vorhanden sind und Interessen einfliessen<\/li>\n<\/ul>\n<p>Sommer 2018<\/p>\n<ul>\n<li>Entscheidung zur Gr\u00fcndung einer <a href=\"https:\/\/taketrail.ch\/startseite\/projekte\/ig-mountainbike-pfannenstiel\/\">Interessensgemeinschaft Mountainbike Pfannenstiel<\/a><\/li>\n<li>Die <a href=\"https:\/\/taketrail.ch\/startseite\/projekte\/ig-mountainbike-pfannenstiel\/\">IG<\/a> vertritt die Interessen gegen\u00fcber der Politik und Z\u00fcrcher Planungsgruppe Pfannenstiel<\/li>\n<\/ul>\n<p>Wie es weiter geht, wechsle zu: <a href=\"https:\/\/taketrail.ch\/startseite\/projekte\/ig-mountainbike-pfannenstiel\/\">Bike Trails Pfannenstiel<\/a><\/p>\n<\/div><\/div><\/div><\/div><\/div><\/div><\/div><\/section>\n","protected":false},"excerpt":{"rendered":"","protected":false},"author":1,"featured_media":0,"parent":0,"menu_order":0,"comment_status":"closed","ping_status":"closed","template":"","meta":{"footnotes":""},"class_list":["post-1351","page","type-page","status-publish","hentry"],"yoast_head":"<!-- This site is optimized with the Yoast SEO plugin v26.8 - https:\/\/yoast.com\/product\/yoast-seo-wordpress\/ -->\n<title>Pfannenstiel - taketrail<\/title>\n<meta name=\"robots\" content=\"index, follow, max-snippet:-1, max-image-preview:large, max-video-preview:-1\" \/>\n<link rel=\"canonical\" href=\"https:\/\/taketrail.ch\/startseite\/pfannenstiel\/\" \/>\n<meta property=\"og:locale\" content=\"de_DE\" \/>\n<meta property=\"og:type\" content=\"article\" \/>\n<meta property=\"og:title\" content=\"Pfannenstiel - taketrail\" \/>\n<meta property=\"og:url\" content=\"https:\/\/taketrail.ch\/startseite\/pfannenstiel\/\" \/>\n<meta property=\"og:site_name\" content=\"taketrail\" \/>\n<meta property=\"article:publisher\" content=\"https:\/\/www.facebook.com\/taketrail\/\" \/>\n<meta property=\"article:modified_time\" content=\"2019-04-16T09:31:03+00:00\" \/>\n<meta name=\"twitter:card\" content=\"summary_large_image\" \/>\n<meta name=\"twitter:label1\" content=\"Gesch\u00e4tzte Lesezeit\" \/>\n\t<meta name=\"twitter:data1\" content=\"1\u00a0Minute\" \/>\n<script type=\"application\/ld+json\" class=\"yoast-schema-graph\">{\"@context\":\"https:\/\/schema.org\",\"@graph\":[{\"@type\":\"WebPage\",\"@id\":\"https:\/\/taketrail.ch\/startseite\/pfannenstiel\/\",\"url\":\"https:\/\/taketrail.ch\/startseite\/pfannenstiel\/\",\"name\":\"Pfannenstiel - taketrail\",\"isPartOf\":{\"@id\":\"https:\/\/taketrail.ch\/startseite\/#website\"},\"datePublished\":\"2018-10-24T14:17:30+00:00\",\"dateModified\":\"2019-04-16T09:31:03+00:00\",\"breadcrumb\":{\"@id\":\"https:\/\/taketrail.ch\/startseite\/pfannenstiel\/#breadcrumb\"},\"inLanguage\":\"de\",\"potentialAction\":[{\"@type\":\"ReadAction\",\"target\":[\"https:\/\/taketrail.ch\/startseite\/pfannenstiel\/\"]}]},{\"@type\":\"BreadcrumbList\",\"@id\":\"https:\/\/taketrail.ch\/startseite\/pfannenstiel\/#breadcrumb\",\"itemListElement\":[{\"@type\":\"ListItem\",\"position\":1,\"name\":\"Startseite\",\"item\":\"https:\/\/taketrail.ch\/startseite\/\"},{\"@type\":\"ListItem\",\"position\":2,\"name\":\"Pfannenstiel\"}]},{\"@type\":\"WebSite\",\"@id\":\"https:\/\/taketrail.ch\/startseite\/#website\",\"url\":\"https:\/\/taketrail.ch\/startseite\/\",\"name\":\"taketrail\",\"description\":\"\",\"publisher\":{\"@id\":\"https:\/\/taketrail.ch\/startseite\/#organization\"},\"potentialAction\":[{\"@type\":\"SearchAction\",\"target\":{\"@type\":\"EntryPoint\",\"urlTemplate\":\"https:\/\/taketrail.ch\/startseite\/?s={search_term_string}\"},\"query-input\":{\"@type\":\"PropertyValueSpecification\",\"valueRequired\":true,\"valueName\":\"search_term_string\"}}],\"inLanguage\":\"de\"},{\"@type\":\"Organization\",\"@id\":\"https:\/\/taketrail.ch\/startseite\/#organization\",\"name\":\"taketrail AG\",\"url\":\"https:\/\/taketrail.ch\/startseite\/\",\"logo\":{\"@type\":\"ImageObject\",\"inLanguage\":\"de\",\"@id\":\"https:\/\/taketrail.ch\/startseite\/#\/schema\/logo\/image\/\",\"url\":\"https:\/\/taketrail.ch\/wp-content\/uploads\/2017\/12\/taketrail_gr\u00fcn.png\",\"contentUrl\":\"https:\/\/taketrail.ch\/wp-content\/uploads\/2017\/12\/taketrail_gr\u00fcn.png\",\"width\":3945,\"height\":772,\"caption\":\"taketrail AG\"},\"image\":{\"@id\":\"https:\/\/taketrail.ch\/startseite\/#\/schema\/logo\/image\/\"},\"sameAs\":[\"https:\/\/www.facebook.com\/taketrail\/\",\"https:\/\/www.linkedin.com\/company\/27204493\/admin\/\"]}]}<\/script>\n<!-- \/ Yoast SEO plugin. -->","yoast_head_json":{"title":"Pfannenstiel - taketrail","robots":{"index":"index","follow":"follow","max-snippet":"max-snippet:-1","max-image-preview":"max-image-preview:large","max-video-preview":"max-video-preview:-1"},"canonical":"https:\/\/taketrail.ch\/startseite\/pfannenstiel\/","og_locale":"de_DE","og_type":"article","og_title":"Pfannenstiel - taketrail","og_url":"https:\/\/taketrail.ch\/startseite\/pfannenstiel\/","og_site_name":"taketrail","article_publisher":"https:\/\/www.facebook.com\/taketrail\/","article_modified_time":"2019-04-16T09:31:03+00:00","twitter_card":"summary_large_image","twitter_misc":{"Gesch\u00e4tzte Lesezeit":"1\u00a0Minute"},"schema":{"@context":"https:\/\/schema.org","@graph":[{"@type":"WebPage","@id":"https:\/\/taketrail.ch\/startseite\/pfannenstiel\/","url":"https:\/\/taketrail.ch\/startseite\/pfannenstiel\/","name":"Pfannenstiel - taketrail","isPartOf":{"@id":"https:\/\/taketrail.ch\/startseite\/#website"},"datePublished":"2018-10-24T14:17:30+00:00","dateModified":"2019-04-16T09:31:03+00:00","breadcrumb":{"@id":"https:\/\/taketrail.ch\/startseite\/pfannenstiel\/#breadcrumb"},"inLanguage":"de","potentialAction":[{"@type":"ReadAction","target":["https:\/\/taketrail.ch\/startseite\/pfannenstiel\/"]}]},{"@type":"BreadcrumbList","@id":"https:\/\/taketrail.ch\/startseite\/pfannenstiel\/#breadcrumb","itemListElement":[{"@type":"ListItem","position":1,"name":"Startseite","item":"https:\/\/taketrail.ch\/startseite\/"},{"@type":"ListItem","position":2,"name":"Pfannenstiel"}]},{"@type":"WebSite","@id":"https:\/\/taketrail.ch\/startseite\/#website","url":"https:\/\/taketrail.ch\/startseite\/","name":"taketrail","description":"","publisher":{"@id":"https:\/\/taketrail.ch\/startseite\/#organization"},"potentialAction":[{"@type":"SearchAction","target":{"@type":"EntryPoint","urlTemplate":"https:\/\/taketrail.ch\/startseite\/?s={search_term_string}"},"query-input":{"@type":"PropertyValueSpecification","valueRequired":true,"valueName":"search_term_string"}}],"inLanguage":"de"},{"@type":"Organization","@id":"https:\/\/taketrail.ch\/startseite\/#organization","name":"taketrail AG","url":"https:\/\/taketrail.ch\/startseite\/","logo":{"@type":"ImageObject","inLanguage":"de","@id":"https:\/\/taketrail.ch\/startseite\/#\/schema\/logo\/image\/","url":"https:\/\/taketrail.ch\/wp-content\/uploads\/2017\/12\/taketrail_gr\u00fcn.png","contentUrl":"https:\/\/taketrail.ch\/wp-content\/uploads\/2017\/12\/taketrail_gr\u00fcn.png","width":3945,"height":772,"caption":"taketrail AG"},"image":{"@id":"https:\/\/taketrail.ch\/startseite\/#\/schema\/logo\/image\/"},"sameAs":["https:\/\/www.facebook.com\/taketrail\/","https:\/\/www.linkedin.com\/company\/27204493\/admin\/"]}]}},"_links":{"self":[{"href":"https:\/\/taketrail.ch\/startseite\/wp-json\/wp\/v2\/pages\/1351","targetHints":{"allow":["GET"]}}],"collection":[{"href":"https:\/\/taketrail.ch\/startseite\/wp-json\/wp\/v2\/pages"}],"about":[{"href":"https:\/\/taketrail.ch\/startseite\/wp-json\/wp\/v2\/types\/page"}],"author":[{"embeddable":true,"href":"https:\/\/taketrail.ch\/startseite\/wp-json\/wp\/v2\/users\/1"}],"replies":[{"embeddable":true,"href":"https:\/\/taketrail.ch\/startseite\/wp-json\/wp\/v2\/comments?post=1351"}],"version-history":[{"count":38,"href":"https:\/\/taketrail.ch\/startseite\/wp-json\/wp\/v2\/pages\/1351\/revisions"}],"predecessor-version":[{"id":1614,"href":"https:\/\/taketrail.ch\/startseite\/wp-json\/wp\/v2\/pages\/1351\/revisions\/1614"}],"wp:attachment":[{"href":"https:\/\/taketrail.ch\/startseite\/wp-json\/wp\/v2\/media?parent=1351"}],"curies":[{"name":"wp","href":"https:\/\/api.w.org\/{rel}","templated":true}]}}